n 36 is divided by g(k).
17
Let p(x) = x**3 - 9*x**2 + 8*x + 2. Let u be p(8). Suppose -2*f + 24 = u*f. What is the remainder when 8 is divided by f?
2
Suppose z - 10 = -4. Suppose 43 = -2*l + 5*l + 2*r, -3*r = -2*l + 7. Let c = 15 - l. What is the remainder when z is divided by c?
2
Suppose k - 6*s = -3*s + 41, k - s - 49 = 0. What is the remainder when k is divided by 19?
15
Suppose 2*w + 14 = 3*w. Suppose 3*k - 2*h - 263 = 0, h - 433 = -5*k - h. Let r = k + -61. What is the remainder when r is divided by w?
12
Let y(n) = n**2 + 5*n + 2. Let x be y(-5). Suppose 0 = -x*t - 5*r + 77 - 16, 4*r = -4*t + 104. Calculate the remainder when t is divided by 12.
11
Suppose 0 = 4*i - 2*n - 2, -n - n = 5*i + 20. Let j be 145/(-20) + i/(-8). What is the remainder when 2 + 1 - (0 + j) is divided by 6?
4
Let c(h) = 5*h**2 - 2*h**2 + h**3 + h + 5*h**2. Let l be c(-4). Suppose l = -3*y + 8*y. Calculate the remainder when 23 is divided by y.
11
Let d(j) = 2*j + 2. Let r be d(-2). Suppose -11 = -5*h - x, 3*h + 0*x - 5 = x. What is the remainder when 5/((r - -2) + 1) is divided by h?
1
Suppose 5*l + 3 = -3*j + 209, -152 = -4*l + 4*j. Suppose -l = 3*f + f. Let w = -7 - f. Calculate the remainder when 4 is divided by w.
1
Let o(a) = -a**2 + 3. Suppose -3*i + 18 = -q + i, -3*q + 5*i = 19. What is the remainder when o(0) is divided by q?
1
Suppose -2*m + 91 = 3*m - 4*p, 0 = -5*m - 4*p + 59. Let q = 12 - 8. Calculate the remainder when m is divided by q.
3
Let w be -5*3 + (-2 - -2). Let n = w + 24. Let g = -82 + 108. What is the remainder when g is divided by n?
8
Let a(j) = j**3 - 13*j**2 + 22*j + 16. What is the remainder when 59 is divided by a(11)?
11
Suppose 4*b = b + 141. Suppose -10*s + s = -216. What is the remainder when b is divided by s?
23
Let l = -7 + 39. What is the remainder when 61 is divided by l?
29
What is the remainder when (-268)/(-2) + 5/(35/14) is divided by 23?
21
Let i(z) = 5*z - 4. Let b be i(4). Suppose -3*o - o = 4*p - 24, 3*o = -p + b. Suppose -2*n + 3 = -o. Calculate the remainder when 7 is divided by n.
3
Let k(u) = u**3 - 5*u**2 - 5*u + 5. Calculate the remainder when 42 is divided by k(6).
9
Suppose -24 = -3*v + 12. What is the remainder when 20 is divided by v?
8
Let t = 17 + -22. Suppose -f + 38 = 5*m - 3, -m = -2*f - 17. Calculate the remainder when m is divided by (3 + -6)/(3/t).
4
Let d(b) = 11*b**2 - 4 - 9*b - 8*b**3 + 3 + 7*b**3. Suppose -v - 2*h + 2 = 0, -2*v - v = 3*h - 18. Calculate the remainder when 17 is divided by d(v).
8
Let r = -24 - -40. Suppose -8 = -4*x + r. Suppose -3*g + 31 = 4*v, 5*v + x*g - 40 = g. Calculate the remainder when v is divided by 3.
1
Let t = -23 + 38. Let s = -70 - -98. What is the remainder when s is divided by t?
13
Suppose 4*i - 352 + 28 = 0. Calculate the remainder when i is divided by 29.
23
Let r be 1/3 + 15586/6. Let f be r/27 + 2/(-9). Calculate the remainder when (f/(-10))/(3/(-10)) is divided by 11.
10
Suppose 5*y - 104 = 146. Let q = y - 19. Let a = 51 + -35. What is the remainder when q is divided by a?
15
Let g be 8/10*(-25)/(-10). Suppose 5*k - z = -2*z + 102, g*k = 2*z + 36. Calculate the remainder when k is divided by 11.
9
Let i = -16 + 14. Suppose -t + 2*g - 6*g = 82, -3*g = -4*t - 252. What is the remainder when 34 is divided by t/(-4) + (-3)/i?
16
Let h = 71 + -37. Suppose -m - 3 = -9. What is the remainder when -2*2*h/(-8) is divided by m?
5
Suppose r + 0 = 3. What is the remainder when r is divided by 2?
1
Let w = 0 - 3. Calculate the remainder when (-107)/w - 14/21 is divided by 9.
8
Suppose -7*c - 25 = -10*c + 2*o, -50 = -5*c - 5*o. Calculate the remainder when 21 is divided by c.
3
Let p = 27 + 24. What is the remainder when 147 is divided by p?
45
Let z(j) = -5*j - 17. Let a be z(-12). Suppose -3*y + a = -128. Calculate the remainder when y is divided by 15.
12
Let u = 11 + -7. Let q be 1/(1/(-2) - -1). Suppose q*j + 8 = 30. What is the remainder when j is divided by u?
3
Let r(b) = -3*b - 2. Let v be (1 - -9)*(-2)/5. What is the remainder when 29 is divided by r(v)?
9
Let v = 10 + -3. Let i = -2 - -2. Suppose i = -5*m - 9 + 24. What is the remainder when v is divided by m?
1
Suppose 2*q = 5 + 3. Suppose q*m - 7*m = -93. Suppose -3*v + 37 = c, 5*v - c - 43 = 8. What is the remainder when m is divided by v?
9
Let u = -1 + 13. Calculate the remainder when 21 is divided by u.
9
Let z = 179 + -58. What is the remainder when z is divided by 41?
39
Let h = 12 - -17. What is the remainder when 57 is divided by h?
28
Let p be (14/(-4))/((-9)/(-36)). Let l = p - -24. Suppose -5*o = -3*z - 125, -71 = -2*o - z - 2*z. Calculate the remainder when o is divided by l.
8
Let h(i) = 10*i + 13. Calculate the remainder when h(8) is divided by 24.
21
Let u = 92 + -51. Calculate the remainder when 160 is divided by u.
37
Suppose 0*h + h - 2 = 0. Let t = 7 - 6. What is the remainder when h is divided by t?
0
Let i = 82 + -57. Suppose -i = -3*d - 2*d. Suppose -5*t + 55 = -d*r, -r = r + 2. Calculate the remainder when 18 is divided by t.
8
Let p(z) = 3*z**3 + z + z**2 + 7 - 8*z**3 - 8. Let d be p(1). Let l = 8 - d. Calculate the remainder when 22 is divided by l.
10
Calculate the remainder when 111 is divided by (5/(-3))/(-5) + (-249)/(-9).
27
Suppose -c = -2*c - i, 3*c + 6 = -5*i. Let k(o) = -o**2 + 2*o - 1. Let v be k(1). What is the remainder when 20 is divided by v/(-1*c) + 7?
6
Suppose 5*v = -3*q + 7, -5*q + 0*v + 3*v + 23 = 0. Suppose -5*z + z = 32. Let n = z + 19. What is the remainder when n is divided by q?
3
Suppose 2*b - 3*j - 96 = 0, j - 105 = 5*b - 358. What is the remainder when b is divided by 13?
12
Suppose -r - 48 = -3*v, -2*v - 177 = 3*r - 0*v. Let y = 83 + r. What is the remainder when 76 is divided by y?
24
Let q(a) = a**3 + 10*a**2 + 3*a - 2. What is the remainder when q(-8) is divided by 15?
12
What is the remainder when 77 is divided by 534/27 + 14/63?
17
Calculate the remainder when (-1)/(12/(-882)) + 6/4 is divided by 26.
23
Suppose 5*l + 24 + 10 = 2*v, -1 = v + 2*l. Calculate the remainder when 11 is divided by v.
4
Suppose -2*z - 2 = z + 4*u, 0 = 5*z + u - 8. Let i be 15/(-2) - z/(-4). Let s(a) = -a**3 - 8*a**2 - 9*a + 10. What is the remainder when s(i) is divided by 13?
11
Calculate the remainder when (-1)/(-1) - 1 - -41 is divided by 14.
13
Suppose 0*r + 3*f + 31 = r, -4*r - 3*f + 124 = 0. Calculate the remainder when 121 is divided by r.
28
Suppose 4*v + 0*d = -2*d + 30, -5*d = 5*v - 40. Suppose -x = 0, 5*b + 0 = 4*x + 20. Let u = 24 - b. What is the remainder when u is divided by v?
6
Let c = -21 + 91. Suppose -c - 72 = -4*z - 3*y, 0 = 4*z + 4*y - 144. Calculate the remainder when z is divided by 19.
15
Let r be 0*(-3)/(-6)*-1. Suppose -4*o + 38 = 2*a, r = -0*a - 2*a + 2*o + 14. Calculate the remainder when 20 is divided by a.
9
Let r(a) = -a**3 + 2. Let k be r(0). Suppose 3*g = k*g + 49. Let i = g - 23. What is the remainder when i is divided by 14?
12
Let v = 3 - -6. What is the remainder when v is divided by 3?
0
Calculate the remainder when 16 is divided by 4/(-6) - (-174)/18.
7
Let d(i) = 3*i**2 + 8*i + 3. Calculate the remainder when 23 is divided by d(-3).
5
Suppose -29 = -2*k + d, -6*d - 64 = -4*k - 2*d. Suppose 6*a - 7*a + k = 0. Let q(n) = n**3 - 6*n**2 - 11*n - 3. What is the remainder when q(8) is divided by a?
11
Suppose 0 = 3*n + 26 - 74. What is the remainder when 31 is divided by n?
15
Let x = -68 + 96. Suppose 2*l = 34 + x. Calculate the remainder when l is divided by 8.
7
Let d = 32 + 0. Let v(r) = -r**3 + 6*r**2 + 5*r + 10. Let a be v(7). Let b(p) = -5*p - 3. Calculate the remainder when d is divided by b(a).
15
Let u(j) = -3*j + 12. Let k(o) = -o + 7. Let c be k(13). Calculate the remainder when u(c) is divided by 11.
8
Let x(l) be the second derivative of -5*l**3/6 - l**2 - 2*l. Calculate the remainder when 37 is divided by x(-3).
11
Calculate the remainder when 11 is divided by 3 - 3/1 - -4.
3
Let s(l) = -6*l - 4. Suppose -t + 2*d = -113, -5*d + 73 = -3*t + 407. Calculate the remainder when t is divided by s(-5).
25
Suppose -6*j + 4*j + 94 = 0. Let n(a) = a - 1. Let l be n(4). Suppose -l*k + 64 = -j. Calculate the remainder when k is divided by 19.
18
Suppose 1 = -x - o - 3*o, -4*o = 12. Suppose -3*k - k + 164 = 0. What is the remainder 